hen y is divided by ((-2)/d)/(1/(-2))?
0
Let o(c) = c**3 + 15*c**2 + 24*c - 20. Calculate the remainder when 9 is divided by o(-13).
3
Let r = 94 - 90. Suppose 3*f - 29 = 5*y, -5*f = r*y - 4 + 5. What is the remainder when f is divided by 2?
1
Let s(z) = 2*z - 12. Let l(i) = 4*i - 6. Let n be l(3). Let b be s(n). Suppose 5*p = 25, 0 = -4*h + 3*p - b + 1. What is the remainder when 17 is divided by h?
1
Let m(r) = -5*r**3 - 4*r**2 - r + 26. What is the remainder when m(-5) is divided by 56?
52
Let o = -862 + 1250. Suppose 4*i = 8*i - o. Calculate the remainder when i is divided by 25.
22
Let t = -7 - -13. Let z = t + -3. Calculate the remainder when 25 + z - (-3 + 0) is divided by 16.
15
Suppose 3*m = 2*y + 1540, 4*y + 723 = -4*m + 2763. What is the remainder when m is divided by 47?
42
Suppose -4*m - 4*i - 9 = -5*m, -i = 2*m. Suppose -2*b = -k - 109, 0 = 5*k - 4*k - m. Calculate the remainder when b is divided by 14.
13
Let m be (18/(-15))/(4/(-90)). Suppose 9*o - 8*o - m = 0. Suppose 4*u = 2*j - u - 92, 4*j + 3*u = 210. Calculate the remainder when j is divided by o.
24
Suppose -4*q = 4*t + 56, -q - 29 = -t + 5*t. Let i(w) = 2*w + 36. Calculate the remainder when (2 - 13)*-3 + 1 is divided by i(q).
16
Let k be (2/(-4))/(12/24). Let n = -40 - -66. What is the remainder when k - -100 - (-34)/17 is divided by n?
23
Let z(l) = -l + 10. Suppose 4*n - 1 + 5 = 0. Let g = n + 11. Calculate the remainder when z(-8) is divided by g.
8
Suppose -5*w - 5 = -5*z, 0 + 2 = -w. Let f(u) = -4*u**3 - 2*u - 1. Suppose 0 = 5*k - 33 - 62. What is the remainder when k is divided by f(z)?
4
Suppose -2*b - 4*x = -58, 23*b - 22*b = 5*x + 43. Calculate the remainder when b is divided by -9*2*(-4)/6.
9
Let j(k) = -3*k**2 - 55*k + 55. What is the remainder when 184 is divided by j(-19)?
14
Calculate the remainder when 72 - (5 + 1 + (3 - 13)) is divided by 9.
4
Let p(s) = s + 3. Let d be p(0). Suppose -m + d*m - 8 = 0. Suppose 3*a = -0*g - 2*g + 5, a + 24 = 3*g. Calculate the remainder when g is divided by m.
3
Suppose -4*b + 84 + 132 = 0. Suppose 8 = -53*y + b*y. Calculate the remainder when 13 is divided by y.
5
Let q(m) be the second derivative of 5/2*m**2 + 0 + m**3 - 4*m. Calculate the remainder when q(10) is divided by 22.
21
Suppose -2*r + 3*n + 10 = -97, 3*r - 2*n - 163 = 0. Calculate the remainder when r is divided by 5.
0
Let o = 503 - 488. Calculate the remainder when 69 is divided by o.
9
Suppose -v + 16 = v. Suppose v*z - 4*z = -m + 43, -58 = -5*z + 3*m. Let p = 103 - 71. Calculate the remainder when p is divided by z.
10
Calculate the remainder when 6/(-8) - 2943/(-36) - -8 is divided by 42.
5
Let p(z) = z**2 + 15*z + 8. Let c be p(-15). Suppose 96 = -c*u + 12*u. Calculate the remainder when u is divided by 13.
11
What is the remainder when 84 is divided by 6*1 - -9*(-85)/(-15)?
27
Let s = -256 - -360. Suppose 5*j = p + 4, 6*j - s = -4*p + 2*j. What is the remainder when 39 is divided by p?
18
Let n = -227 - -150. Calculate the remainder when (n/(-4))/(10/40) is divided by 16.
13
Let r = -4198 + 4237. Let i = 504 + -311. Calculate the remainder when i is divided by r.
37
Let b = 22 + -37. Let i = 279 - 140. What is the remainder when i is divided by ((b/(-2))/(-3))/((-6)/84)?
34
Calculate the remainder when 119/13 + -2*(-1)/(-13) is divided by 2.
1
Let t(d) = d**3 + 4*d**2 + 1. What is the remainder when 347 is divided by t(2)?
22
Let s = -198 - -226. Calculate the remainder when s is divided by 6.
4
Let g = -8 - -27. Suppose 3*s - 6 + 15 = 0. Calculate the remainder when g is divided by (20/s)/((-2)/3).
9
Suppose -1106 = -5*n - 3*d, -3*d = -3*n - d + 675. Calculate the remainder when n is divided by 24.
7
Suppose -15 = -7*a + 6*a. Suppose 149 - 44 = 3*s. Suppose -5*q + 0*m = m - s, -q + 16 = 2*m. What is the remainder when a is divided by q?
3
Suppose 0 = 2*s - 4*s + 194. Let x = 209 + -204. Suppose -4*l - 4*f + 128 = 0, -65 - 101 = -x*l + f. What is the remainder when s is divided by l?
31
Suppose 0 = -r - 22 + 10. Let k = r + 20. Suppose 10 + 15 = b + 5*z, 0 = -4*z + k. What is the remainder when 42 is divided by b?
12
Let l = 85 - 56. Let z = l + -9. What is the remainder when 57 is divided by z?
17
Let t = -34 - -50. Suppose o = 4*w + 5*o - 4, -3*w + 4*o = 25. What is the remainder when (567/(-15))/w*5 is divided by t?
15
Let p = -23 - -58. Let u(r) = 2*r**2 + 4*r + 9. Let w(s) = 3*s**2 + 4*s + 8. Let x(v) = -4*u(v) + 3*w(v). What is the remainder when p is divided by x(7)?
8
Let g = -11 + 25. Calculate the remainder when 1268/28 - 4/g is divided by -2 + (-28)/(-1) + (1 - 3).
21
Let f = -88 - -87. Let z(k) = -25*k**3 + 2*k + 1. Calculate the remainder when (-280)/(-6) - (-2)/(-3) is divided by z(f).
22
Suppose -125 = -4*j + 5*g, -6*g - 10 = -4*g. What is the remainder when 162 is divided by j?
12
Let m(d) = d**2 - 1. Let x be 45/(-1*(-2)/(-6)). Let o = -77 - x. What is the remainder when o is divided by m(4)?
13
Calculate the remainder when 1110/8 - (-3)/12 is divided by 14.
13
Suppose 0*g - 5*g = 175. Let y = g - -51. Let v(f) = -33*f**3 + 18*f**2 + 5*f. What is the remainder when v(-1) is divided by y?
14
Let n = -12 + 17. Suppose 5*p + 4 + 1 = 0, 4*s - 155 = -n*p. Calculate the remainder when s is divided by 7.
5
Let k be (6/4)/((-5)/780). Let u be (-8)/(-3)*k/24. Let m = -13 - u. Calculate the remainder when 36 is divided by m.
10
Let o(f) = f**3 + 7*f**2 - 8*f + 2. Let d(s) = -3*s + 25. Let m be d(11). Calculate the remainder when 11 is divided by o(m).
1
Let b(w) = -2*w + 25. What is the remainder when 1/3*(-363)/(-1) is divided by b(-8)?
39
Suppose 108*p - 38 = 106*p. What is the remainder when 55 is divided by p?
17
Calculate the remainder when 2198/126 - 8/18 is divided by 13.
4
Let c(i) = -4*i + 14*i**2 - 3*i - i**3 - 2*i - 5*i**2 - 8. What is the remainder when c(7) is divided by (-4)/1 - 144/(-8)?
13
Suppose 0 = -2*z - 16 + 56. Suppose 10*w = 5*w + z. What is the remainder when w/14 + 1720/56 is divided by 11?
9
Suppose 264 = 8*k - 248. Suppose 0*d = -4*d - 4. What is the remainder when k is divided by 2*d/(-3)*33?
20
Suppose 5*d - 5*a = -390, 5*d + 226 = -2*a - 185. Let z = -54 - d. Suppose -3*r + z = -0*r. Calculate the remainder when 17 is divided by r.
8
Suppose -193*u = -195*u + 130. What is the remainder when 271 is divided by u?
11
Let b(f) = f**2 + 3*f + 8. Let a be b(-6). Suppose 4*x = a + 58. Let h = -9 + 17. What is the remainder when x is divided by h?
5
Let k = -166 - -246. Suppose 2*u - 7*u + k = 0. Suppose -5*r = 2*q - 139, 3*r - 257 = -0*q - 4*q. What is the remainder when q is divided by u?
14
Suppose -2*n - 5*r + 3 = -2, -5*n = -2*r - 56. Calculate the remainder when 2/n - 828/(-10) is divided by (0 - (1 - -1)/2)*-21.
20
Let y(z) = z**3 - 11*z**2 + 12. Calculate the remainder when (65 + (-18)/(-3))*(-1)/(-1) is divided by y(11).
11
Suppose -r + 6*r = -210. Let p be (r/(-8))/(15/(-40)). Let j(w) = w**2 + 13*w + 13. What is the remainder when j(p) is divided by 14?
13
Let k(c) = 33*c - 79. What is the remainder when 156 is divided by k(4)?
50
What is the remainder when ((-4)/14)/(1/(-70)) is divided by 19?
1
Let j be 34/85 + 23/5. Suppose -j*b - 78 = -7*b. Calculate the remainder when b is divided by 23.
16
Let l = 96 - 90. Let c be 27/5 - 2/5. Let a = -3 + c. Calculate the remainder when l is divided by a.
0
Let y be 0/4 + 14/1. Suppose -f + 0 = -3*o - 11, 4*f - y = -3*o. Calculate the remainder when 9 is divided by ((-2)/f)/(1/(-15)).
3
What is the remainder when 157 is divided by (-27)/(-9)*(-44)/(-6) + -6?
13
Suppose 5*i = -4*s - 11, 2*i = s - 0*s + 6. Let l be (i - -24) + 6/(-3). Let b = l - -2. Calculate the remainder when b is divided by 9.
7
Suppose 5*o - 197 = 3*i + 729, 2*o = -3*i + 383. Calculate the remainder when o is divided by 68.
51
What is the remainder when -5*(6 - 5) - -68 is divided by 50?
13
Calculate the remainder when -3 + 57 + 13 + -27 is divided by (-1)/(-2) + 21/2.
7
Suppose 4*r - 16 = -4*c, -4*c - 3*r + 15 = -0*c. Suppose 5*f = 4*o + 29, -2*o + c*f - 17 = -0*f. Calculate the remainder when o/(-2)*(19 + 1) is divided by 6.
4
Let c(r) = r**3 + 48*r**2 + 49*r + 171. Calculate the remainder when c(-47) is divided by 9.
5
Let g(w) = w**2 + 4*w + 18. Let p be g(8). Let q = 140 - p. Calculate the rema